**2 + h + 4. Determine p(x).
4
Let m(u) = -u**3 + 4*u**2 + 4*u + 6. Suppose f + 2 + 2 = -4*o, 0 = 4*f + 4*o + 16. Let y be (-56)/35*10/f. Let z = 1 + y. What is m(z)?
1
Let y(n) = n**2 - 4*n - 5. Let r(t) = -2*t**3 - 3*t**2 - 2*t - 1. Let c be r(-2). Suppose -60 = 4*h - c*h. Suppose 2*k - 6*k = -h. Determine y(k).
0
Suppose 126*m + 860 = 40*m. Let t(h) = h**2 + 8*h + 8. What is t(m)?
28
Let y(x) = 11*x + 13. Let g(q) = 24*q + 30. Let t(p) = 2*g(p) - 5*y(p). Give t(3).
-26
Let r be (-63)/(-6)*(-4)/(-6)*1. Suppose 0 = 2*i + 4*a + 4, 12 = -2*i + r*a - 3*a. Let d(y) = -y**2 - 5*y + 2. Give d(i).
6
Let t(v) = -v**3 + 6*v**2 + 4. Suppose -3*m = 5*g - 2*m + 7, -10 = 2*g - 2*m. Let d be (44/(-24) - g) + 70/12. What is t(d)?
4
Let x(j) be the second derivative of -j**3/6 - 2*j**2 - j - 152. Suppose 5*h = 5*l + 2*h + 15, -20 = -4*h. What is x(l)?
-4
Let f(s) = -20*s + 87. Let a(k) = -13*k + 57. Let j(x) = 8*a(x) - 5*f(x). What is j(5)?
1
Let n(g) = -3*g**3 - 13*g**2 - 8*g - 11. Let x be n(-4). Let q(l) = -l**3 + 6*l**2 - 8*l + 6. Give q(x).
-9
Suppose 3*v - 6*v = -21. Let d(k) = -v*k - 38*k**2 - k + 39*k**2 + k - 6. Give d(8).
2
Let n(m) = -m**3 - 5*m**2 - 4*m + 4. Suppose 4*k + 3*h + 31 = 0, -k - 34*h + 29*h = 29. Determine n(k).
4
Let m(c) = -21*c**3 + 23*c**2 - 26*c + 10. Let w(o) = 14*o**3 - 16*o**2 + 18*o - 7. Let b(d) = 5*m(d) + 7*w(d). Determine b(1).
-7
Let d be (-2)/8 - (-35)/(-20). Let v be (-4)/(2 + d - 2). Let u(z) = -7*z - 1. Calculate u(v).
-15
Let p(u) = -5*u + 1. Let f(m) be the third derivative of -m**4/24 + 2*m**3/3 + 3*m**2. Let c be f(4). Suppose 4*s = c, 0*s - 2 = -2*h - 2*s. Calculate p(h).
-4
Let y(i) = 7 - 4*i + 3*i + 0. Let d(w) = w + 28. Let x be d(-22). Give y(x).
1
Suppose -4*p + 4*u - 24 = 0, 3*p = -2*p - 2*u - 2. Let y(d) = 3*d**2 + 2. Give y(p).
14
Suppose 6*i = 3*i - 9. Let x(b) = -b**2 - 14*b - 10. Let v be x(-13). Let m(n) = 4*n - 31*n**2 - v + 28*n**2 - 7*n - n**3. Calculate m(i).
6
Let y(p) = -p**2 - 15*p - 11. Let z(v) = 7*v + 5. Suppose 2*c - 30 = 7*c. Let k(b) = c*y(b) - 13*z(b). Give k(1).
6
Let u(n) = -7*n**2 - 9. Let w(h) = 4*h**2 + 5. Let g(c) = -3*u(c) - 5*w(c). Suppose 9*q = 10*q + 2. Calculate g(q).
6
Let k(m) be the third derivative of -m**5/60 - m**4/4 + 2*m**2 + 15. What is k(-5)?
5
Let c(l) = -2*l**3 - l**2 - l - 2. Suppose -12*b + 40 = -7*b. Suppose 5*y = 7 + b. Suppose y*f + 4 = f. Determine c(f).
12
Suppose 8*r + 84 = 22*r. Let k(u) = u**2 - 7*u - 4. Determine k(r).
-10
Suppose -3*v = 2*x + 6, -x + v - 11 = -6*x. Let i(f) = 2*f - f**3 + x*f**3 + 0*f**2 + 6*f**2 - 6 - f**3. Calculate i(-5).
9
Let i be (4/(-10))/((-5)/25). Suppose 4*p - 4 = i*p. Let f(c) = c + 9. Let q(o) = 4. Let h(l) = 3*f(l) - 7*q(l). What is h(p)?
5
Let s(y) be the first derivative of y**4/4 - y**2 - 42*y + 471. Give s(0).
-42
Let q(o) = 8*o**2 + 2*o + 1. Let u(r) = -2*r**2 + r - 1. Let b(h) = -q(h) - 5*u(h). What is b(4)?
8
Let n(f) = -13*f. Let d be (-1 - (20/(-8) - -3))*-2. Calculate n(d).
-39
Let t be 12/16 - (-3)/(-4). Suppose t - 20 = 4*l. Let f(s) be the second derivative of s**5/20 + s**4/2 + 2*s**3/3 - 5*s**2/2 - 8*s. Calculate f(l).
0
Let n(i) = -i**3 + 1654 + 5*i**2 - 3311 + 1660. Give n(5).
3
Let j(r) = -r - 11. Let v be j(-4). Let t(b) be the third derivative of b**6/120 + 7*b**5/60 - b**4/12 - 4*b**3/3 + 12*b**2. Determine t(v).
6
Let f(k) = -k**3 - 4*k**2 - 4*k - 1. Let i be f(-4). Let w = i - 11. Let d(r) = 0*r - r + w + 0*r + 0. What is d(4)?
0
Let p(x) = 4*x - 15. Let z be -2 + 3*(-20)/(-12). What is p(z)?
-3
Let b(r) = 5 - 4 + 4*r**2 - 6*r + r**3 - 4. Suppose -8*i = -154 - 150. Let d = 33 - i. Calculate b(d).
2
Let w(f) be the first derivative of -f**3/3 + 2*f**2 + f + 1. Let k(h) = h**3 - 5*h**2 + 2*h - 4. Let l be k(5). Let j be l - 1/(-2)*0. Determine w(j).
-11
Let w(y) = 2*y**2 - 6*y + 3. Let h(d) = d**3 + 9*d**2 + 2*d + 22. Let j be h(-9). Give w(j).
11
Suppose 2*h + 0*c - 2*c - 2 = 0, -5*h - 4*c = 4. Let p(t) = -342 + t - t**2 + 171 + 162. Calculate p(h).
-9
Let l(k) = 3*k + 6. Suppose -4*p - 5*v + 40 - 17 = 0, 3*v = -3. Give l(p).
27
Let d be -1 + (0 - -6) + -5 + 1. Let m(n) = -15*n**2 - 2*n + 1. Calculate m(d).
-16
Let h(f) = 0*f + f**2 + f + 26*f**3 + 0*f**2 - 5*f**3. What is h(-1)?
-21
Let k(p) = 4*p**3 - p**2 + 4*p + 4. Let i(r) be the third derivative of -r**6/40 - r**4/8 - r**3/2 - 25*r**2. Let x(h) = -3*i(h) - 2*k(h). Calculate x(-1).
1
Let h(l) = -14*l + 3. Let b be (18/(-12))/(2/(40/(-15))). Determine h(b).
-25
Let y(d) = d**2 - 3. Let t be y(3). Suppose 5*o = 36 - t. Let b(l) = -6*l - 4 + 6 - 3 + l**2 + o. Determine b(4).
-3
Let p(v) = v**2 + 2*v + 2. Let w = 14 - 16. Let k be 84/5 - w/10. Let q = k - 19. Determine p(q).
2
Let p(i) be the first derivative of -i**6/360 + i**5/30 + 7*i**4/24 - 3*i**3 + 8. Let n(o) be the third derivative of p(o). Suppose -6 = -4*l + 18. Give n(l).
-5
Suppose -3*h + 11 = -h + v, 13 = 4*h - v. Let s(l) = 3*l - 4. Give s(h).
8
Suppose -17*z = 13 + 140. Let a(o) be the third derivative of -o**4/24 - o**3/2 + o**2. Give a(z).
6
Suppose -62 = -7*w - 20. Let x = 7 - 5. Let g(i) = -7*i + i + i**x + 2 - 1. Give g(w).
1
Let d(r) = -4*r**3 - 2*r**2 + 1. Let j be (-45)/(-72) - (-3)/8. Determine d(j).
-5
Let g(h) = -h + 1. Let z(v) = v**3 + 13*v**2 - 14*v - 6. Let c be z(-14). Let p(q) = 4*q + 1 + 1 - 7. Let f(a) = c*g(a) - p(a). Determine f(-1).
-3
Let d(t) be the third derivative of -t**4/24 + 4*t**3/3 + 94*t**2. Suppose -5*j - 12 = -4*j - 3*q, 4*j + 2*q = 8. Calculate d(j).
8
Let m be (9 + (-189)/36)*4/3. Let q(x) = -x**3 + 6*x**2 - 4*x + 7. What is q(m)?
12
Let z(a) = -a - 45. Let w(g) = g + 96. Let r(x) = 6*w(x) + 13*z(x). Give r(-6).
33
Let o(l) = l**2 + 3*l - 2. Suppose 3*v - 26 = -v + 2*x, -5*x + 7 = -2*v. Let t be 1*5/(-15)*v. Determine o(t).
-2
Let a(s) be the first derivative of s**4/2 - 3*s**3 - 3*s**2 - s - 21. Let p(x) = x**3 - 5*x**2 - 3*x - 1. Let w(i) = -4*a(i) + 7*p(i). What is w(2)?
-1
Let a = -11 - -11. Suppose a = -2*y + 5*j - 5, 5*y - y + 4*j = -24. Let i(u) be the third derivative of -u**4/24 - u**3 + 76*u**2. Give i(y).
-1
Let i(j) = j - 1. Let x(c) = 1. Let g be -2 + 1 + -9 + 9. Let d(n) = g*x(n) - i(n). Give d(-3).
3
Let f(p) be the second derivative of -p**5/20 + 11*p**4/12 - 11*p**3/6 + 4*p**2 - 32*p. Calculate f(10).
-2
Let j = 437 - 431. Let x(t) = t**2 - 8*t - 2. What is x(j)?
-14
Let a(f) = -8*f**2 + 17*f - 16. Let m(u) = 2*u + 36. Let g be m(-15). Let t(r) = 7*r**2 - 16*r + 15. Let b(j) = g*a(j) + 7*t(j). Determine b(9).
0
Let m(i) be the third derivative of i**5/60 - 13*i**4/24 + 13*i**3/6 + i**2 - 12*i. Calculate m(12).
1
Let c = 30 + -25. Suppose -z = -c*z. Suppose z = 5*d - 0 + 10. Let w(k) = 2*k**3 + k**2 - k + 2. What is w(d)?
-8
Let z(k) = k**3 + 5*k**2 - 3*k + 8. Let s(w) be the second derivative of -w**5/20 + w**4/12 + 2*w**3/3 - 12*w. Let f be s(3). Calculate z(f).
-10
Let c(j) = -37*j**2 + 16*j - 28. Let o(h) = -13*h**2 + 5*h - 9. Let f(l) = 6*c(l) - 17*o(l). Calculate f(10).
-5
Suppose -23 = -3*w - 4*o, 3*w - 2*o - 2*o + 17 = 0. Let b(t) = 97*t**2 - 80*t**2 - t + 1 + 2*t**2. Calculate b(w).
19
Let j(o) = 13 + 12*o + 13*o**3 - 3*o**2 - 4*o**3 - 10*o**3. Determine j(-5).
3
Let b be 9/(-3*3/6). Let k(i) = -i**3 - 6*i**2 - i - 7. Let y(d) = 5*d**3 + 30*d**2 + 6*d + 35. Let p(f) = -11*k(f) - 2*y(f). Calculate p(b).
13
Let x(q) = -2*q**2 - 7*q - 7. Let l be x(-3). Let a(m) = 0*m - 2 - 2*m - 2*m. What is a(l)?
14
Let p be (-6)/((-6)/(1 - -2)). Suppose 0 = -3*x + 4*h + 9, -x = -2*x - p*h + 3. Let c(b) = 0*b**2 + 20*b**3 - 31*b**x + b**2. What is c(1)?
-10
Let m(r) = r + 7. Suppose 3*y = -3*g - 6, -g + 8 = 11*y - 12*y. Calculate m(y).
2
Let q(s) = -s**2 + 1 - 2*s + 0*s + 2*s**2. Let d be 247/(-57) - 8/(-6). Let r be (-6 - d)*(0 + -1). What is q(r)?
4
Let n(t) = 9*t + 2. Let b = 147 - 69. Let y be (-144)/b + 2/(-13). Determine n(y).
-16
Suppose 2103 - 2046 = -3*q. Let f(n) = n**3 + 19*n**2 - 11. Determine f(q).
-11
Suppose -8*x + 18 = -5*x. Let m(t) = x - 2 + 6 - t. Calculate m(0).
10
Let b(n) = 4*n**3 - 3*n**2 - 7*n + 5. Let z = 15 + -17. Let r(u) = -3*u**3 + 3*u**2 + 7*u - 5. Let p(f) = z*b(f) - 3*r(f). Determine p(4).
-7
Let c = -2 - 2. Let u(t) = -7*t**3 + 8*t**2 - 7*t + 8. Let m(n) = -4*n**3 + 4*n**2 - 4*n + 4. Let g(h) = 9*m(h) - 5*u